{"id":21,"date":"2011-10-27T14:20:51","date_gmt":"2011-10-27T14:20:51","guid":{"rendered":"http:\/\/markuseinolf.de\/praxis\/?page_id=21"},"modified":"2020-12-13T11:44:31","modified_gmt":"2020-12-13T11:44:31","slug":"praxis","status":"publish","type":"page","link":"https:\/\/markuseinolf.de\/?page_id=21","title":{"rendered":"Praxis"},"content":{"rendered":"<p>Zun\u00e4chst sollten Sie loslassen!<br \/>\nAlltagsstress, Hektik und Termindruck verhindern oft,<br \/>\nGesundheitsprozesse einzuleiten.<\/p>\n<p><a href=\"https:\/\/markuseinolf.de\/praxis\/wp-content\/uploads\/2011\/11\/20111117-210823.jpg\"><img decoding=\"async\" src=\"https:\/\/markuseinolf.de\/praxis\/wp-content\/uploads\/2011\/11\/20111117-210823.jpg\" class=\"alignnone size-full\" alt=\"20111117-210823.jpg\"><\/a><\/p>\n<p>Im Herzen von Allach-Untermenzing im restaurierten Allacher-Garten befindet sich die orthop\u00e4disch-manualtherapeutische Privatpraxis.<br \/>\nEin gro\u00dfz\u00fcgiger Empfangsbereich und drei individuelle Behandlungszimmer sorgen f\u00fcr eine angenehme Atmosph\u00e4re.<\/p>\n<p><a href=\"https:\/\/markuseinolf.de\/praxis\/wp-content\/uploads\/2011\/11\/20111117-210921.jpg\"><img decoding=\"async\" src=\"https:\/\/markuseinolf.de\/praxis\/wp-content\/uploads\/2011\/11\/20111117-210921.jpg\" class=\"alignnone size-full\" alt=\"20111117-210921.jpg\"><\/a><\/p>\n<p><a href=\"https:\/\/markuseinolf.de\/praxis\/wp-content\/uploads\/2011\/11\/20111117-210951.jpg\"><img decoding=\"async\" src=\"https:\/\/markuseinolf.de\/praxis\/wp-content\/uploads\/2011\/11\/20111117-210951.jpg\" class=\"alignnone size-full\" alt=\"20111117-210951.jpg\"><\/a><\/p>\n","protected":false},"excerpt":{"rendered":"<p>Zun\u00e4chst sollten Sie loslassen! Alltagsstress, Hektik und Termindruck verhindern oft, Gesundheitsprozesse einzuleiten. Im Herzen von Allach-Untermenzing im restaurierten Allacher-Garten befindet sich die orthop\u00e4disch-manualtherapeutische Privatpraxis. Ein gro\u00dfz\u00fcgiger Empfangsbereich und drei individuelle Behandlungszimmer sorgen f\u00fcr eine angenehme Atmosph\u00e4re.<\/p>\n","protected":false},"author":1,"featured_media":0,"parent":0,"menu_order":0,"comment_status":"closed","ping_status":"closed","template":"","meta":{"footnotes":""},"class_list":["post-21","page","type-page","status-publish","hentry"],"_links":{"self":[{"href":"https:\/\/markuseinolf.de\/index.php?rest_route=\/wp\/v2\/pages\/21","targetHints":{"allow":["GET"]}}],"collection":[{"href":"https:\/\/markuseinolf.de\/index.php?rest_route=\/wp\/v2\/pages"}],"about":[{"href":"https:\/\/markuseinolf.de\/index.php?rest_route=\/wp\/v2\/types\/page"}],"author":[{"embeddable":true,"href":"https:\/\/markuseinolf.de\/index.php?rest_route=\/wp\/v2\/users\/1"}],"replies":[{"embeddable":true,"href":"https:\/\/markuseinolf.de\/index.php?rest_route=%2Fwp%2Fv2%2Fcomments&post=21"}],"version-history":[{"count":27,"href":"https:\/\/markuseinolf.de\/index.php?rest_route=\/wp\/v2\/pages\/21\/revisions"}],"predecessor-version":[{"id":675,"href":"https:\/\/markuseinolf.de\/index.php?rest_route=\/wp\/v2\/pages\/21\/revisions\/675"}],"wp:attachment":[{"href":"https:\/\/markuseinolf.de\/index.php?rest_route=%2Fwp%2Fv2%2Fmedia&parent=21"}],"curies":[{"name":"wp","href":"https:\/\/api.w.org\/{rel}","templated":true}]}}